 the prime factors of d?
2, 19
Let l be (-1)/(((-42)/(-12))/(-7)). Suppose 2*y + c + l*c = 745, 0 = c - 5. List the prime factors of y.
5, 73
Suppose -a = 24 + 8. Let x = -42 + -222. Let m = a - x. List the prime factors of m.
2, 29
Suppose 0 = 6*f - 590 - 442. Suppose -292 = -4*k + f. What are the prime factors of k?
2, 29
Let d(c) = c**3 + 14*c**2 + 19*c - 37. List the prime factors of d(9).
1997
Let r = -6 - -8. Suppose 3*g + 825 = 3*m, -4*m + 557 = -r*m + 5*g. Suppose 5*w - 3*o + 0*o = 369, -4*w + m = 4*o. What are the prime factors of w?
2, 3
Let d = 3983 + -2879. List the prime factors of d.
2, 3, 23
Let n(x) = 16*x**2 + 120*x - 74. What are the prime factors of n(-28)?
2, 5, 911
Let n(j) = 6*j**2 + 17*j + 68. Let x be n(-10). Suppose -11*o - x = -1983. List the prime factors of o.
3, 5
Let f = 111 + 13248. What are the prime factors of f?
3, 61, 73
Let p(t) be the first derivative of 17*t**2 - 5*t - 496. Let j be (-15)/(-3)*2/5. What are the prime factors of p(j)?
3, 7
Let p = -21581 - -38329. Suppose -17*n = -6083 - p. List the prime factors of n.
17, 79
Let z(q) = -37*q - 146. Let w be z(-4). List the prime factors of 487 - 26 - w*-3.
467
Let s = 2453 + -1796. What are the prime factors of s?
3, 73
Let d be 3*-1 - 1160*(6 - 7). Let z = -698 + d. List the prime factors of z.
3, 17
Suppose -q = -u + 41991, -u + 12*q + 41995 = 15*q. List the prime factors of u.
2, 29, 181
What are the prime factors of -2*(-31486)/8 + (-7)/(-42)*3?
2, 3, 41
Suppose u - 324 = 2*g, 0 = -4*g - 0*g. Suppose 0 = 4*f + 5*f - u. Suppose -14*y + f = -8*y. What are the prime factors of y?
2, 3
Let h(a) be the first derivative of 20 - 1/2*a**2 + 25*a. List the prime factors of h(10).
3, 5
Let y(q) = 4*q**3 + 22*q**2 - 422*q - 80. What are the prime factors of y(19)?
2, 5, 11, 31
Let o = -11753 - -45053. List the prime factors of o.
2, 3, 5, 37
Let d(f) be the first derivative of f**3/3 + 11*f**2/2 - 13*f + 32. List the prime factors of d(26).
13, 73
Let k be 3*(-2 - 15/(-9)). Let j be (12 - 10)/(k/(-21)). What are the prime factors of (j/2)/((-4)/(-12))?
3, 7
Let p(i) = 54*i**2 - i + 2. Let r = 11 - -42. Let c = -55 + r. What are the prime factors of p(c)?
2, 5, 11
Let y(m) = 4*m**2 + 11*m - 158. List the prime factors of y(-33).
5, 13, 59
Let x be 14/28 - (45/6 - 0). Let t(j) = -2*j**2 - 23*j + 24. List the prime factors of t(x).
3, 29
Suppose k - 7969 = -r, k - 13708 = 3*r - 5715. What are the prime factors of k?
5, 11, 29
Let r = 182 - 178. Suppose r*q - 256 = 3*q - 5*m, -1112 = -4*q + 2*m. What are the prime factors of q?
2, 3, 23
Let o be -4*(-6)/(-12) + 63. Suppose -67*q + 7554 = -o*q. What are the prime factors of q?
1259
Let o be ((-16)/12 - -2)/((-4)/6). What are the prime factors of 14/2 + -3 - (o - 668)?
673
Let m = 243 + -250. What are the prime factors of 208/6*((-378)/24)/m?
2, 3, 13
Suppose 9 = 4*z + 21. Let s = z + 8. Suppose -4*c + 231 = -3*c + 5*g, s*c - 2*g - 1101 = 0. What are the prime factors of c?
13, 17
Suppose -236203 + 8045 = -14*n. List the prime factors of n.
43, 379
Suppose 3*f + 34*v = 11*v + 58098, 4*f = -2*v + 77464. What are the prime factors of f?
2, 23, 421
Suppose -5*z + n = -82521, -113*n = -3*z - 112*n + 49515. What are the prime factors of z?
3, 5501
Let u be (-93 - 0)/(-7 + 6). Let f = u + -12. Let p = -21 + f. What are the prime factors of p?
2, 3, 5
Let s = 35 - 37. What are the prime factors of 449 - ((6 - 8) + 4/s)?
3, 151
Suppose -47*m = -46*m - 7. Suppose -18 = -w + m*w. List the prime factors of (0 - w) + -3 + 1 + 195.
2, 7
Suppose 6*x - 10*x = -20. Suppose x*b + 243 = 8*b. List the prime factors of b.
3
Let z be (-2)/(-18) + ((-882)/(-81) - 3). Suppose -4*b + d + 7090 = 0, -10*b - 2*d + 3550 = -z*b. List the prime factors of b.
3, 197
Suppose -34*v + 38713 = -170485 + 11522. List the prime factors of v.
2, 3, 17, 19
Let g = -3546 - -7688. List the prime factors of g.
2, 19, 109
Let f be -2*(-908)/16*2. Suppose 11*h - f = 10*h. Suppose 121 = 4*x - h. What are the prime factors of x?
3, 29
Let h(a) = 190*a**2 - 7*a + 4. Let k be h(-6). Suppose 25*o + 811 - k = 0. What are the prime factors of o?
3
Let d(t) = -t**3 + 6*t**2 + 16*t - 13. Let x be d(9). Let f = x + 469. List the prime factors of f.
3, 7, 17
Let x be ((-16)/(-3))/(-1 - 18/(-27)). What are the prime factors of (x/40)/(10/(-20875))?
5, 167
Suppose 2*i = 4, -2*b - 1572*i = -1571*i - 14936. List the prime factors of b.
3, 19, 131
Let x = 124987 + -61362. List the prime factors of x.
5, 509
Let n(k) = k**2 + 0*k**2 + 10*k - 8*k - 2*k**2 - 608*k**3 + 3. Let g be n(-1). List the prime factors of 85/34*(-2 - g/(-10)).
3, 7
Let y = 206 - -17. Let a = y - 123. Suppose -6*d - a = -1210. What are the prime factors of d?
5, 37
Suppose 45*l = 52*l - 98. Suppose 2*t + 3*n = 45, 2*t = 2*n + l + 56. What are the prime factors of t?
2, 3, 5
Let v = 446 - 443. Suppose 43*s + k = 48*s - 5999, -v*s = -3*k - 3609. List the prime factors of s.
11, 109
Suppose -4*u = 2*z + 856, 2*z - 3*u + 264 = -592. Let w = -157 - z. What are the prime factors of w?
271
Let y = 162 - 140. What are the prime factors of (-1*134)/(y/(-77))?
7, 67
Let o = 12079 - 1601. What are the prime factors of o?
2, 13, 31
Let n be -2*1/(4/(-22)). Let y be (-28780)/(-220) + 2/n. Let a = y + -52. List the prime factors of a.
79
Suppose -31694 - 48512 = -2*x. List the prime factors of 10/12 - x/(-102).
2, 197
Suppose 348 = 4*j + 4*a, 2*j - j - 87 = -3*a. Let m be -34 + 12/(-30)*20. Let h = m + j. List the prime factors of h.
3, 5
Let v = 903 - 372. Let p = 564 - v. What are the prime factors of p?
3, 11
Let u = 210 + -203. Suppose h + 3*o + 18 = 3*h, -3*h + 5 = o. Suppose -u*r = -269 + h. List the prime factors of r.
2, 19
Let k(r) = 11*r + 72. Let l be k(-6). List the prime factors of ((-632)/3)/(2/l)*-1.
2, 79
Suppose -29*s + 37*s - 344 = 0. Suppose -3*m + 961 = 3*c + c, 4*c + m = 971. Suppose -5*f - a + s = -189, -5*f = -3*a - c. List the prime factors of f.
47
Let j(p) = -63*p + 59. Let d(o) = 62*o - 60. Let w(r) = -5*d(r) - 4*j(r). List the prime factors of w(-8).
2, 3, 11
Let d be 3*8/6 + -1. Let z be 6 - (4/3 - (-6)/9). Suppose -z*o - 144 + 406 = 3*x, d*x + 2*o - 272 = 0. List the prime factors of x.
2, 47
Let i(s) = s**3 - 20*s**2 + 7*s + 81. Let a be i(21). Let p = a - 110. List the prime factors of p.
13, 43
Let u(d) = 3*d - 16. Suppose 4*z - j = 2*j + 21, -5*z = 4*j - 3. Let t(h) = -h - 1. Let b(p) = z*u(p) + 3*t(p). List the prime factors of b(12).
3, 7
Let k be 1 + -257*(2 - 5). Suppose r + n = 249, 3*r - 2*n - k = -0*n. What are the prime factors of r?
2, 127
Let l = 134 - -116. Suppose -2654 + 5854 = -20*j. Let y = j + l. What are the prime factors of y?
2, 3, 5
Suppose -49361 = -43*k + 23653. Suppose -3*u + 3*a = -333 - 4749, -k = -u + 3*a. What are the prime factors of u?
2, 3, 47
Suppose 10*f = -2*w + 12*f - 3134, 4*w + f + 6293 = 0. Let b = w - -2807. List the prime factors of b.
5, 13, 19
Suppose 0 = 31*s - 152 - 96. What are the prime factors of 6 + (7 - (-9480)/s)?
2, 599
Suppose 4*l - 14*l - 1050 = 0. Let u = l - -158. Suppose 3*r = u + 52. List the prime factors of r.
5, 7
Let a = 241 - -1626. What are the prime factors of a?
1867
List the prime factors of (-531099 - 0)*(-14)/126.
59011
Let n(b) = -2*b**3 - 3*b**2 - 3*b - 2. Let a be n(-2). Suppose 9 = -a*z + 49. Suppose -z*t - 36 = -i + 29, -2*i = 3*t - 104. List the prime factors of i.
5, 11
Suppose -5*w = o - 59362, 5*o - 106965 = -7*w - 23869. What are the prime factors of w?
31, 383
List the prime factors of (3/(15/85))/((24/(-41004))/(-2)).
3, 17, 67
Let k(l) = -40*l**3 - 2*l**2 - 35*l - 195. What are the prime factors of k(-8)?
107, 191
Let h = -20 - -15. Let a be 2915/(-25) + 6 + (-3)/h. List the prime factors of 3/24*-4 + a/(-4).
3
Let n = -9199 - -15034. List the prime factors of n.
3, 5, 389
Let o(y) = 13*y**2 - 22*y - 25. List the prime factors of o(65).
2, 5, 5347
Let t = 135 + -98. Suppose -15*m = -t*m + 5610. What are the prime factors of m?
3, 5, 17
Let c = -174 + 262. What are the prime factors of (-40)/(-60) - c*32/(-6)?
2, 5, 47
Let k(z) = z**2 - z - 1. Let v(t) = -2*t**3 - 29*t**2 - 4*t + 13. Let d(b) = -5*k(b) - v(b). List the prime factors of d(-10).
2, 151
Suppose 2*g + 302590 = -6*g + 18*g. List the prime facto